e
Is 251 prime?
True
Is 4258 a composite number?
True
Is 19301 composite?
False
Is 38429 composite?
True
Is 3265 a prime number?
False
Is 311941 composite?
True
Is 473 composite?
True
Is 3457 prime?
True
Is 16439 a composite number?
True
Is 76207 composite?
False
Is 36583 composite?
False
Is 26489 composite?
False
Is 766637 a composite number?
False
Is 14939 a composite number?
False
Is 585265 composite?
True
Is 1439 prime?
True
Is 110455 prime?
False
Is 155767 a composite number?
True
Is 61233 a composite number?
True
Is 914 a composite number?
True
Is 7369 a composite number?
False
Is 225571 prime?
False
Is 87931 a prime number?
True
Is 780053 composite?
True
Is 1977227 composite?
True
Is 428817 a prime number?
False
Is 526117 a composite number?
False
Is 1989479 a prime number?
True
Is 80453 prime?
False
Is 168083 prime?
True
Is 9563 a prime number?
False
Is 272959 a composite number?
False
Is 502 composite?
True
Is 8819 a composite number?
False
Is 11747 composite?
True
Is 65407 a prime number?
True
Is 417101 prime?
False
Is 1385 prime?
False
Is 5137 a prime number?
False
Is 269143 prime?
False
Is 19847 a prime number?
False
Is 91283 composite?
False
Is 17269 composite?
True
Is 5878 prime?
False
Is 1937 prime?
False
Is 52433 composite?
False
Is 312719 a prime number?
False
Is 267193 a prime number?
True
Is 1651 composite?
True
Is 2921 a prime number?
False
Is 163617 a prime number?
False
Is 289183 prime?
False
Is 13859 a composite number?
False
Is 15259 prime?
True
Is 2503 composite?
False
Is 234965 composite?
True
Is 413639 prime?
False
Is 1087 prime?
True
Is 3205 composite?
True
Is 58567 composite?
False
Is 5347151 composite?
True
Is 10007 composite?
False
Is 1591 prime?
False
Is 53479 a prime number?
True
Is 270973 a composite number?
False
Is 2521 composite?
False
Is 8287 a composite number?
False
Is 568133 prime?
True
Is 3607 a prime number?
True
Is 207589 prime?
True
Is 73327 prime?
True
Is 52147 prime?
True
Is 61211 a prime number?
True
Is 70069 prime?
False
Is 86083 prime?
True
Is 451249 a composite number?
False
Is 3343 a prime number?
True
Is 194191 prime?
False
Is 469721 prime?
False
Is 1838167 composite?
False
Is 8039 a prime number?
True
Is 261787 a prime number?
True
Is 4667 a composite number?
True
Is 502833 prime?
False
Is 6403 prime?
False
Is 369865 a prime number?
False
Is 30262 a composite number?
True
Is 4127 prime?
True
Is 82091 composite?
True
Is 634223 prime?
True
Is 22733 a composite number?
True
Is 150827 a composite number?
False
Is 2435722 composite?
True
Is 19531 composite?
False
Is 14699 a prime number?
True
Is 523577 a composite number?
False
Is 35759 prime?
True
Is 541531 prime?
True
Is 28211 a composite number?
False
Is 9007 composite?
False
Is 100649 a prime number?
True
Is 153793 prime?
False
Is 39743 a prime number?
False
Is 90067 a composite number?
False
Is 1375931 composite?
True
Is 30193 prime?
False
Is 251831 a composite number?
False
Is 754921 a composite number?
False
Is 2861999 prime?
False
Is 1107157 composite?
False
Is 5207 prime?
False
Is 9647 a composite number?
True
Is 276655 a composite number?
True
Is 36521 a composite number?
True
Is 1095671 a composite number?
False
Is 457889 composite?
False
Is 328739 a composite number?
True
Is 193243 prime?
True
Is 33149 prime?
True
Is 565207 a prime number?
True
Is 71477 a prime number?
False
Is 53303 a prime number?
False
Is 17269 a composite number?
True
Is 162807 a composite number?
True
Is 28913 composite?
True
Is 23719 a prime number?
True
Is 27791 composite?
False
Is 245837 prime?
False
Is 5813 a prime number?
True
Is 18091 composite?
True
Is 142999 a prime number?
False
Is 8663 prime?
True
Is 8501 composite?
False
Is 1049 a composite number?
False
Is 396563 prime?
True
Is 22751 a prime number?
True
Is 1191277 prime?
True
Is 27355 a composite number?
True
Is 100979 composite?
True
Is 99643 prime?
True
Is 51929 a composite number?
False
Is 9871 a prime number?
True
Is 191089 a prime number?
True
Is 35251 a composite number?
False
Is 19661 a composite number?
False
Is 18181 prime?
True
Is 29477 a prime number?
False
Is 3594005 prime?
False
Is 3989 prime?
True
Is 400679 composite?
False
Is 3351 a composite number?
True
Is 2991277 a composite number?
False
Is 63827 prime?
False
Is 159667 prime?
True
Is 1111 a prime number?
False
Is 200435 a composite number?
True
Is 4861 prime?
True
Is 1155743 composite?
True
Is 20642 prime?
False
Is 79457 composite?
True
Is 879 composite?
True
Is 438169 a composite number?
False
Is 89753 composite?
False
Is 2571 prime?
False
Is 140111 a composite number?
False
Is 483179 composite?
False
Is 95519 composite?
True
Is 2846 a prime number?
False
Is 1720339 a prime number?
True
Is 11273 a prime number?
True
Is 137359 a prime number?
True
Is 1931 a composite number?
False
Is 9719 prime?
True
Is 985631 prime?
True
Is 11437 a composite number?
False
Is 26327 a composite number?
True
Is 735571 a prime number?
True
Is 698331 a prime number?
False
Is 9031 a composite number?
True
Is 62189 composite?
False
Is 22738 prime?
False
Is 1542583 prime?
False
Is 284447 prime?
True
Is 1502 a prime number?
False
Is 16355 prime?
False
Is 8357 composite?
True
Is 416107 prime?
True
Is 281726 a prime number?
False
Is 138727 a composite number?
False
Is 420539 a composite number?
True
Is 100129 a prime number?
True
Is 357194 a prime number?
False
Is 15877 prime?
True
Is 8663 a composite number?
False
Is 3377 prime?
False
Is 691 a prime number?
True
Is 101191 a prime number?
False
Is 4843 a prime number?
False
Is 70259 composite?
True
Is 2719 composite?
False
Is 142319 a composite number?
False
Is 1665757 a composite number?
False
Is 1146883 composite?
True
Is 53479 a composite number?
False
Is 485191 prime?
False
Is 20323 prime?
True
Is 47877 composite?
True
Is 124741 prime?
False
Is 43471 prime?
False
Is 13483 a prime number?
False
Is 42257 prime?
True
Is 68623 prime?
False
Is 38431 a composite number?
False
Is 734087 prime?
True
Is 167 composite?
False
Is 1929197 a composite number?
False
Is 2533 a composite number?
True
Is 997 prime?
True
Is 3820313 a composite number?
True
Is 6007 prime?
True
Is 65053 a composite number?
False
Is 596103 a composite number?
True
Is 267037 prime?
True
Is 397457 a composite number?
True
Is 121229 a prime number?
True
Is 60209 a composite number?
False
Is 2297653 composite?
False
Is 75767 a prime number?
True
Is 14585 a composite number?
True
Is 199273 a composite number?
True
Is 209849 a prime number?
False
Is 11789 a composite number?
False
Is 18013 a composite number?
False
Is 484217 prime?
False
Is 6953 prime?
False
Is 3271 a composite number?
False
Is 653431 composite?
False
Is 146107 a prime number?
False
Is 127123 a prime number?
True
Is 44669 composite?
True
Is 19661 a prime number?
True
Is 6521 a composite number?
False
Is 317159 a prime number?
True
Is 371383 a prime number?
True
Is 1121221 prime?
True
Is 85381 prime?
True
Is 71311 a prime number?
False
Is 1151 a composite number?
False
Is 121843 prime?
True
Is 1543 a prime number?
True
Is 95461 composite?
False
Is 78718 a composite number?
True
Is 13705 a composite number?
True
Is 79757 a composite number?
False
Is 19861 composite?
False
Is 50833 a composite number?
False
Is 532141 a prime number?
True
Is 43943 composite?
False
Is 114059 a prime number?
False
Is 2727559 composite?
False
Is 18674 a prime number?
False
Is 2047 a prime number?
False
Is 916863 a prime number?
False
Is 38603 prime?
True
Is 3907 prime?
True
Is 50983 a prime number?
False
Is 4987 composite?
False
Is 48151 composite?
True
Is 20417 prime?
False
Is 51 a composite number?
True
Is 45181 composite?
False
Is 242819 composite?
False
Is 482981 composite?
True
Is 6317 a prime number?
True
Is 42305 a composite number?
True
Is 210391 composite?
False
Is 122983 prime?
False
Is 6467 a composite number?
True
Is 1439 composite?
False
Is 239437 a prime number?
False
Is 9371 composite?
False
Is 1133357 prime?
True
Is 15545 prime?
False
Is 66191 a composite number?
False
Is 68707 a prime number?
False
Is 111193 composite?
True
Is 2503 a composite number?
False
Is 12227 prime?
True
Is 1141 composite?
True
Is 877 a prime number?
True
Is 115561 a composite number?
False
Is 303059 a prime 